{"id":407,"date":"2023-06-29T15:14:59","date_gmt":"2023-06-29T15:14:59","guid":{"rendered":"https:\/\/combiastyvideo.pl\/?page_id=407"},"modified":"2024-07-16T09:12:50","modified_gmt":"2024-07-16T09:12:50","slug":"kontakt","status":"publish","type":"page","link":"http:\/\/combiastyvideo.pl\/index.php\/kontakt\/","title":{"rendered":"Kontakt"},"content":{"rendered":"\n<div class=\"wp-block-cover\"><span aria-hidden=\"true\" class=\"wp-block-cover__background has-background-dim-60 has-background-dim\"><\/span><img loading=\"lazy\" decoding=\"async\" width=\"1380\" height=\"589\" class=\"wp-block-cover__image-background wp-image-412\" alt=\"\" src=\"https:\/\/combiastyvideo.pl\/wp-content\/uploads\/2023\/06\/oimawagi.png\" data-object-fit=\"cover\" srcset=\"http:\/\/combiastyvideo.pl\/wp-content\/uploads\/2023\/06\/oimawagi.png 1380w, http:\/\/combiastyvideo.pl\/wp-content\/uploads\/2023\/06\/oimawagi-300x128.png 300w, http:\/\/combiastyvideo.pl\/wp-content\/uploads\/2023\/06\/oimawagi-1024x437.png 1024w, http:\/\/combiastyvideo.pl\/wp-content\/uploads\/2023\/06\/oimawagi-768x328.png 768w\" sizes=\"auto, (max-width: 1380px) 100vw, 1380px\" \/><div class=\"wp-block-cover__inner-container is-layout-flow wp-block-cover-is-layout-flow\">\n<p class=\"has-text-align-center has-large-font-size\"><strong>Kontakt<\/strong><\/p>\n\n\n\n<figure class=\"wp-block-pullquote\" style=\"border-width:21px\"><blockquote><p><strong>Combiasty Video<\/strong> Adam Kosma<br>photography &amp; filmmaking<br>Siemianowice \u015al\u0105skie <br>NIP: 6431779669<br>TEL: 513-836-168<br>TEL2: 533-833-391<br>E-MAIL: combiasty@gmail.com<\/p><\/blockquote><\/figure>\n\n\n\n<p><strong>Zadaj pytanie lub zarezerwuj termin w kalendarzu<\/strong> <\/p>\n<\/div><\/div>\n\n\n\n<div class=\"wp-block-cover is-light\"><span aria-hidden=\"true\" class=\"wp-block-cover__background has-background-dim-20 has-background-dim\"><\/span><img loading=\"lazy\" decoding=\"async\" width=\"1380\" height=\"589\" class=\"wp-block-cover__image-background wp-image-412\" alt=\"\" src=\"http:\/\/combiastyvideo.pl\/wp-content\/uploads\/2023\/06\/oimawagi.png\" data-object-fit=\"cover\" srcset=\"http:\/\/combiastyvideo.pl\/wp-content\/uploads\/2023\/06\/oimawagi.png 1380w, http:\/\/combiastyvideo.pl\/wp-content\/uploads\/2023\/06\/oimawagi-300x128.png 300w, http:\/\/combiastyvideo.pl\/wp-content\/uploads\/2023\/06\/oimawagi-1024x437.png 1024w, http:\/\/combiastyvideo.pl\/wp-content\/uploads\/2023\/06\/oimawagi-768x328.png 768w\" sizes=\"auto, (max-width: 1380px) 100vw, 1380px\" \/><div class=\"wp-block-cover__inner-container is-layout-flow wp-block-cover-is-layout-flow\">\n<p class=\"has-text-align-center has-large-font-size\"><\/p>\n\n\n\n<div class=\"wp-block-contact-form-7-contact-form-selector\">\n<div class=\"wpcf7 no-js\" id=\"wpcf7-f414-o1\" lang=\"pl-PL\" dir=\"ltr\" data-wpcf7-id=\"414\">\n<div class=\"screen-reader-response\"><p role=\"status\" aria-live=\"polite\" aria-atomic=\"true\"><\/p> <ul><\/ul><\/div>\n<form action=\"\/index.php\/wp-json\/wp\/v2\/pages\/407#wpcf7-f414-o1\" method=\"post\" class=\"wpcf7-form init\" aria-label=\"Formularz kontaktowy\" novalidate=\"novalidate\" data-status=\"init\">\n<fieldset class=\"hidden-fields-container\"><input type=\"hidden\" name=\"_wpcf7\" value=\"414\" \/><input type=\"hidden\" name=\"_wpcf7_version\" value=\"6.1.4\" \/><input type=\"hidden\" name=\"_wpcf7_locale\" value=\"pl_PL\" \/><input type=\"hidden\" name=\"_wpcf7_unit_tag\" value=\"wpcf7-f414-o1\" \/><input type=\"hidden\" name=\"_wpcf7_container_post\" value=\"0\" \/><input type=\"hidden\" name=\"_wpcf7_posted_data_hash\" value=\"\" \/>\n<\/fieldset>\n<p><label> Twoje imi\u0119 i nazwisko<br \/>\n<span class=\"wpcf7-form-control-wrap\" data-name=\"your-name\"><input size=\"40\" maxlength=\"400\" class=\"wpcf7-form-control wpcf7-text wpcf7-validates-as-required\" autocomplete=\"name\" aria-required=\"true\" aria-invalid=\"false\" value=\"\" type=\"text\" name=\"your-name\" \/><\/span> <\/label>\n<\/p>\n<p><label> Tw\u00f3j adres e-mail<br \/>\n<span class=\"wpcf7-form-control-wrap\" data-name=\"your-email\"><input size=\"40\" maxlength=\"400\" class=\"wpcf7-form-control wpcf7-email wpcf7-validates-as-required wpcf7-text wpcf7-validates-as-email\" autocomplete=\"email\" aria-required=\"true\" aria-invalid=\"false\" value=\"\" type=\"email\" name=\"your-email\" \/><\/span> <\/label>\n<\/p>\n<p><label> Temat<br \/>\n<span class=\"wpcf7-form-control-wrap\" data-name=\"your-subject\"><input size=\"40\" maxlength=\"400\" class=\"wpcf7-form-control wpcf7-text wpcf7-validates-as-required\" aria-required=\"true\" aria-invalid=\"false\" value=\"\" type=\"text\" name=\"your-subject\" \/><\/span> <\/label>\n<\/p>\n<p><label> Twoja wiadomo\u015bci (opcjonalne)<br \/>\n<span class=\"wpcf7-form-control-wrap\" data-name=\"your-message\"><textarea cols=\"40\" rows=\"10\" maxlength=\"2000\" class=\"wpcf7-form-control wpcf7-textarea\" aria-invalid=\"false\" name=\"your-message\"><\/textarea><\/span> <\/label>\n<\/p>\n<p><input class=\"wpcf7-form-control wpcf7-submit has-spinner\" type=\"submit\" value=\"Wy\u015blij\" \/>\n<\/p><p style=\"display: none !important;\" class=\"akismet-fields-container\" data-prefix=\"_wpcf7_ak_\"><label>&#916;<textarea name=\"_wpcf7_ak_hp_textarea\" cols=\"45\" rows=\"8\" maxlength=\"100\"><\/textarea><\/label><input type=\"hidden\" id=\"ak_js_1\" name=\"_wpcf7_ak_js\" value=\"216\"\/><script>document.getElementById( \"ak_js_1\" ).setAttribute( \"value\", ( new Date() ).getTime() );<\/script><\/p><div class=\"wpcf7-response-output\" aria-hidden=\"true\"><\/div>\n<\/form>\n<\/div>\n<\/div>\n\n\n\n<div class=\"wp-block-booking-booking\"> <div id=\"form_id1332311478750\" class=\"wpbc_container wpbc_form wpbc_container_booking_form \" ><form id=\"booking_form1\" class=\"booking_form vertical\" method=\"post\" action=\"\"><div id=\"ajax_respond_insert1\" class=\"ajax_respond_insert\" style=\"display:none;\"><\/div><a name=\"bklnk1\" id=\"bklnk1\"><\/a><div id=\"booking_form_div1\" class=\"booking_form_div\"><style type=\"text\/css\">.wpbc_container_booking_form .block_hints, .wpbc_booking_form_simple.wpbc_form_center .wpbc__form__div .wpbc__row.wpbc_r_calendar,  .wpbc_booking_form_simple .wpbc__form__div .wpbc__row:not(.wpbc_r_calendar){max-width:440px;} <\/style>\n<div class=\"wpbc_booking_form_simple \">\n    <div class=\"wpbc__form__div\">\n\t<div class=\"wpbc_r_calendar wpbc__row\">\n      <div class=\"wpbc_r_calendar wpbc__field\"> <div class=\"wpbc_calendar_wraper wpbc_change_over_triangle wpbc_calendar_skin_legacy\"><div class=\"wpbc_cal_container bk_calendar_frame wpbc_no_custom_width  months_num_in_row_ cal_month_num_12 wpbc_timeslot_day_bg_as_available\" style=\"\"><div id=\"calendar_booking1\"  class=\"wpbc_calendar_id_1\" >\n<style id=\"wpbc-inline-css-wpbc_calendar_loader_inline_css\">\n\/* Critical loader styles (scoped by class names) *\/\r\n\t.calendar_loader_frame {\r\n\t\twidth: calc(341px * var(--wpbc-loader-cols, 1));\r\n\t\tmax-width: 100%;\r\n\t\theight: 307px;\r\n\t\tdisplay: flex;\r\n\t\tflex-flow: column nowrap;\r\n\t\talign-items: center;\r\n\t\tjustify-content: center;\r\n\t\tborder-radius: 5px;\r\n\t\tbox-shadow: 0 0 2px #ccc;\r\n\t\tgap: 15px;\r\n\t\t\/* Calendar variables (safe fallbacks) *\/\r\n\t\tcolor: var(--wpbc_cal-available-text-color, #2c3e50);\r\n\t\tbackground: rgb(from var(--wpbc_cal-available-day-color, #e6f2ff) r g b \/ var(--wpbc_cal-day-bg-color-opacity, 1));\r\n\t\tborder: var(--wpbc_cal-day-cell-border-width, 1px) solid var(--wpbc_cal-available-day-color, #aacbeb);\r\n\t}\r\n\t.calendar_loader_text {\r\n\t\tfont-size: 18px;\r\n\t\ttext-align: center;\r\n\t}\r\n\t.calendar_loader_frame__progress_line_container {\r\n\t\twidth: 50%;\r\n\t\theight: 3px;\r\n\t\tmargin-top: 7px;\r\n\t\toverflow: hidden;\r\n\t\tbackground: #202020;\r\n\t\tborder-radius: 30px;\r\n\t}\r\n\t.calendar_loader_frame__progress_line {\r\n\t\twidth: 0%;\r\n\t\theight: 3px;\r\n\t\tbackground: #8ECE01;\r\n\t\tborder-radius: 30px;\r\n\t\tanimation: calendar_loader_bar_progress 3s infinite linear;\r\n\t}\r\n\t@keyframes calendar_loader_bar_progress {\r\n\t\tto { width: 100%; }\r\n\t}\r\n\t@media (prefers-reduced-motion: reduce) {\r\n\t\t.calendar_loader_frame__progress_line {\r\n\t\t\tanimation: none;\r\n\t\t\twidth: 50%;\r\n\t\t}\r\n\t}\n<\/style>\n\t<style id=\"wpbc_calendar_loader_inline_css\">\r\n\t\/* Critical loader styles (scoped by class names) *\/\r\n\t.calendar_loader_frame {\r\n\t\twidth: calc(341px * var(--wpbc-loader-cols, 1));\r\n\t\tmax-width: 100%;\r\n\t\theight: 307px;\r\n\t\tdisplay: flex;\r\n\t\tflex-flow: column nowrap;\r\n\t\talign-items: center;\r\n\t\tjustify-content: center;\r\n\t\tborder-radius: 5px;\r\n\t\tbox-shadow: 0 0 2px #ccc;\r\n\t\tgap: 15px;\r\n\t\t\/* Calendar variables (safe fallbacks) *\/\r\n\t\tcolor: var(--wpbc_cal-available-text-color, #2c3e50);\r\n\t\tbackground: rgb(from var(--wpbc_cal-available-day-color, #e6f2ff) r g b \/ var(--wpbc_cal-day-bg-color-opacity, 1));\r\n\t\tborder: var(--wpbc_cal-day-cell-border-width, 1px) solid var(--wpbc_cal-available-day-color, #aacbeb);\r\n\t}\r\n\t.calendar_loader_text {\r\n\t\tfont-size: 18px;\r\n\t\ttext-align: center;\r\n\t}\r\n\t.calendar_loader_frame__progress_line_container {\r\n\t\twidth: 50%;\r\n\t\theight: 3px;\r\n\t\tmargin-top: 7px;\r\n\t\toverflow: hidden;\r\n\t\tbackground: #202020;\r\n\t\tborder-radius: 30px;\r\n\t}\r\n\t.calendar_loader_frame__progress_line {\r\n\t\twidth: 0%;\r\n\t\theight: 3px;\r\n\t\tbackground: #8ECE01;\r\n\t\tborder-radius: 30px;\r\n\t\tanimation: calendar_loader_bar_progress 3s infinite linear;\r\n\t}\r\n\t@keyframes calendar_loader_bar_progress {\r\n\t\tto { width: 100%; }\r\n\t}\r\n\t@media (prefers-reduced-motion: reduce) {\r\n\t\t.calendar_loader_frame__progress_line {\r\n\t\t\tanimation: none;\r\n\t\t\twidth: 50%;\r\n\t\t}\r\n\t}\r\n\t<\/style>\r\n\t\t<div class=\"calendar_loader_frame calendar_loader_frame1\"\r\n\t\tdata-wpbc-rid=\"1\"\r\n\t\tdata-wpbc-grace=\"8000\"\r\n\t\tstyle=\"--wpbc-loader-cols: 12;\"\r\n\t>\r\n\t\t<div class=\"calendar_loader_text\">Wczytywanie...<\/div>\r\n\t\t<div class=\"calendar_loader_frame__progress_line_container\">\r\n\t\t\t<div class=\"calendar_loader_frame__progress_line\"><\/div>\r\n\t\t<\/div>\r\n\t<\/div>\r\n\t<\/div><\/div><div style=\"font-size:7px;text-align:left;margin:0 0 10px;text-shadow: none;\">Powered by <a href=\"https:\/\/wpbookingcalendar.com\" style=\"font-size:7px;\" target=\"_blank\" title=\"Booking Calendar plugin for WordPress\">Booking Calendar<\/a><\/div><textarea id=\"date_booking1\" name=\"date_booking1\" autocomplete=\"off\" style=\"display:none;\"><\/textarea><\/div><\/div>\n\t<\/div>\n\t<div class=\"wpbc__row\">\n      <div class=\"wpbc_r_name wpbc__field\">  <label for=\"name1\">Imi\u0119 i Nazwisko*<\/label><br>   <input type=\"text\" name=\"name1\" id=\"name1\" class=\"input-xlarge wpdev-validates-as-required\" \/><\/div>\n\t<\/div>\n\t<div class=\"wpbc__row\">\n      <div class=\"wpbc_r_email wpbc__field\">  <label for=\"email1\">Email*<\/label><br>   <input type=\"email\" name=\"email1\" id=\"email1\" class=\"input-xlarge wpdev-validates-as-email wpdev-validates-as-required wpdev-validates-as-required\" \/><\/div>\n\t<\/div>\n\t<div class=\"wpbc__row\">\n      <div class=\"wpbc_r_phone wpbc__field\">  <label for=\"phone1\">Telefon<\/label><br>   <input type=\"text\" name=\"phone1\" id=\"phone1\" class=\"input-xlarge\" \/><\/div>\n\t<\/div>\n\t<div class=\"wpbc__row\">\n      <div class=\"wpbc_r_details wpbc__field\">  <label for=\"details1\">Tre\u015b\u0107 wiadomo\u015bci<\/label><br>   <textarea  rows=\"3\" name=\"details1\" id=\"details1\" class=\"input-xlarge\" ><\/textarea><\/div>\n\t<\/div>\n\t<div class=\"wpbc__row\">\n      <div class=\"wpbc_r_captcha wpbc__field\"> <\/div>\n\t<\/div>\n\t<div class=\"wpbc__row\">\n      <div class=\"wpbc_r_submit wpbc__field\"> <button class=\"wpbc_button_light\" type=\"button\" onclick=\"wpbc_booking_form_submit(this.form,1,'pl_PL');\" >Wy\u015blij<\/button>\n<\/div>\n\t<\/div>\n    <\/div>\n<\/div><input id=\"bk_type1\" name=\"bk_type1\" class=\"\" type=\"hidden\" value=\"1\" \/><\/div><div id=\"submiting1\"><\/div><div class=\"form_bk_messages\" id=\"form_bk_messages1\" ><\/div><input type=\"hidden\" id=\"wpbc_nonceCALCULATE_THE_COST1\" name=\"wpbc_nonceCALCULATE_THE_COST1\" value=\"b7bb59b9bd\" \/><input type=\"hidden\" name=\"_wp_http_referer\" value=\"\/index.php\/wp-json\/wp\/v2\/pages\/407\" \/><\/form><\/div><div id=\"booking_form_garbage1\" class=\"booking_form_garbage\"><\/div>\n<script id=\"wpbc-inline-js-wpbc-dup-calendar-warn-1\" type=\"text\/javascript\">\n(function() { var a = setInterval( function() {  if ( ( 'undefined' === typeof _wpbc ) || ( 'undefined' === typeof jQuery ) || ! window.jQuery ) { return; } clearInterval( a ); jQuery( document ).ready( function (){\njQuery(\".widget_wpdev_booking .booking_form.form-horizontal\").removeClass(\"form-horizontal\");\nvar calendars__on_this_page_list = _wpbc.get_other_param(\"calendars__on_this_page\") || [];\nvar visible_calendars_count = calendars__on_this_page_list.length;\nif (visible_calendars_count !== null) {\n  for (var i=0; i<visible_calendars_count; i++) {\n    if (_wpbc.get_other_param(\"calendars__on_this_page\")[i] === 1) {\n      console.log(\"%c%s\", \"color: #e77; font-weight:bold\", \"Warning! The booking calendar for this resource with the ID = 1 is already on the page. Find more details here: https:\\\/\\\/wpbookingcalendar.com\\\/faq\\\/why-the-booking-calendar-widget-not-show-on-page\\\/\");\n    }\n  }\n  _wpbc.get_other_param(\"calendars__on_this_page\")[visible_calendars_count] = 1;\n};\n} ); }, 500 ); })();\n<\/script>\n \n<script id=\"wpbc-inline-js-js-5d98e6498a399976632eafe3fe1d1985\" type=\"text\/javascript\">\n(function() { var a = setInterval( function() {  if ( ( 'undefined' === typeof _wpbc ) || ( 'undefined' === typeof jQuery ) || ! window.jQuery ) { return; } clearInterval( a ); jQuery( document ).ready( function (){\n_wpbc.balancer__set_max_threads( 3 );  _wpbc.calendar__set_param_value( 1 , 'calendar_scroll_to' , false );  _wpbc.calendar__set_param_value( 1 , 'calendar_dates_start' , \"\" );  _wpbc.calendar__set_param_value( 1 , 'calendar_dates_end'   , \"\" );  _wpbc.calendar__set_param_value( 1 , 'booking_max_monthes_in_calendar' , \"2y\" );  _wpbc.calendar__set_param_value( 1 , 'booking_start_day_weeek' , \"1\" );  _wpbc.calendar__set_param_value( 1 , 'calendar_number_of_months' , \"12\" );  _wpbc.calendar__set_param_value( 1, 'days_select_mode', \"multiple\" );  _wpbc.calendar__set_param_value( 1, 'fixed__days_num', 0 );  _wpbc.calendar__set_param_value( 1, 'fixed__week_days__start',   [] );  _wpbc.calendar__set_param_value( 1, 'dynamic__days_min', 0 );  _wpbc.calendar__set_param_value( 1, 'dynamic__days_max', 0 );  _wpbc.calendar__set_param_value( 1, 'dynamic__days_specific',    [] );  _wpbc.calendar__set_param_value( 1, 'dynamic__week_days__start', [] );  _wpbc.calendar__set_param_value( 1, 'booking_date_format', \"F j, Y\" );  _wpbc.calendar__set_param_value( 1, 'booking_time_format', \"g:i a\" );  if ( 'function' === typeof ( wpbc__conditions__SAVE_INITIAL__days_selection_params__bm ) ) { wpbc__conditions__SAVE_INITIAL__days_selection_params__bm( 1 ); }  wpbc_calendar_show(\"1\");  _wpbc.set_secure_param('nonce', \"bbdb0207d4\");  _wpbc.set_secure_param('user_id', \"0\");  _wpbc.set_secure_param('locale', \"pl_PL\");  wpbc_calendar__load_data__ajx({\"resource_id\":1,\"booking_hash\":\"\",\"request_uri\":\"\\\/index.php\\\/wp-json\\\/wp\\\/v2\\\/pages\\\/407\",\"custom_form\":\"standard\",\"aggregate_resource_id_str\":\"\",\"aggregate_type\":\"all\"});\n} ); }, 500 ); })();\n<\/script>\n<\/div>\n<\/div><\/div>\n","protected":false},"excerpt":{"rendered":"","protected":false},"author":1,"featured_media":0,"parent":0,"menu_order":0,"comment_status":"closed","ping_status":"closed","template":"","meta":{"footnotes":""},"class_list":["post-407","page","type-page","status-publish","hentry"],"_links":{"self":[{"href":"http:\/\/combiastyvideo.pl\/index.php\/wp-json\/wp\/v2\/pages\/407","targetHints":{"allow":["GET"]}}],"collection":[{"href":"http:\/\/combiastyvideo.pl\/index.php\/wp-json\/wp\/v2\/pages"}],"about":[{"href":"http:\/\/combiastyvideo.pl\/index.php\/wp-json\/wp\/v2\/types\/page"}],"author":[{"embeddable":true,"href":"http:\/\/combiastyvideo.pl\/index.php\/wp-json\/wp\/v2\/users\/1"}],"replies":[{"embeddable":true,"href":"http:\/\/combiastyvideo.pl\/index.php\/wp-json\/wp\/v2\/comments?post=407"}],"version-history":[{"count":12,"href":"http:\/\/combiastyvideo.pl\/index.php\/wp-json\/wp\/v2\/pages\/407\/revisions"}],"predecessor-version":[{"id":788,"href":"http:\/\/combiastyvideo.pl\/index.php\/wp-json\/wp\/v2\/pages\/407\/revisions\/788"}],"wp:attachment":[{"href":"http:\/\/combiastyvideo.pl\/index.php\/wp-json\/wp\/v2\/media?parent=407"}],"curies":[{"name":"wp","href":"https:\/\/api.w.org\/{rel}","templated":true}]}}